ided by 6?
4
Let i be (3/4)/((-3)/(-324)). Let n = i + -25. Suppose 5*c + 2 = 97. What is the remainder when n is divided by c?
18
Suppose -2209 = -25*b - 22*b. What is the remainder when b is divided by 12?
11
Let t = -45 + -95. Let l be t + 3 + -1 + 0. Let d = -88 - l. What is the remainder when d is divided by 17?
16
Suppose 5*p = -5*s + 609 + 216, 3*s - p - 495 = 0. Calculate the remainder when s is divided by 61.
43
Suppose -2*d + 5*o - 111 = -3*d, 4*o + 238 = 3*d. Let x(q) = 10*q - 18. What is the remainder when d is divided by x(4)?
20
Let d be ((-80)/(-50))/((-2)/(-5)). Suppose 4*c + 5*w - 7 = 0, -5*w - 2 = d*c - 3*c. What is the remainder when (-2 - (3 - 7)) + c is divided by 3?
2
Let c = -71 + 100. Suppose -5*t + 4*s + 431 = -389, -326 = -2*t + 2*s. Suppose -y = -3*y + t. Calculate the remainder when y is divided by c.
26
What is the remainder when (-3 - -2)/(17/(-6137)) is divided by 93?
82
Let f = -1353 - -1356. Suppose 4*c = -5*m + 13, -2*c + 39 - 13 = -4*m. Calculate the remainder when c is divided by f.
1
Let j = 543 + -275. What is the remainder when j is divided by 54?
52
Let r(a) = -a**3 - 5*a**2 + 3*a - 6. Let p = 9513 - 9511. Calculate the remainder when r(-6) is divided by p.
0
Suppose 19*x - 22*x + 621 = 0. What is the remainder when x is divided by 13?
12
What is the remainder when (51/4)/(-2 + (-63)/(-28)) is divided by 7?
2
Let g(t) be the second derivative of -t**5/20 - 7*t**4/6 - 5*t**3/2 + t**2 + 5*t. Let c = 37 - 22. What is the remainder when g(-13) is divided by c?
13
Let a(y) = 45*y**2 + 5*y - 45. Calculate the remainder when a(-4) is divided by 73.
71
Calculate the remainder when 1/((-1)/(-466)*2) is divided by 47.
45
Let f(m) = m**3 - 7*m**2 - 5*m + 5. Let y be f(5). Let g(u) = 2*u + 110. Let v be g(11). Let p = v + y. Calculate the remainder when p is divided by 16.
14
Let w(b) = b**3 + 4*b**2 - 4*b. Let o(l) = -l**2 + 11*l - 15. Let z be o(10). Let t be w(z). Let d = 19 + t. What is the remainder when 41 is divided by d?
13
Suppose 12*q = 15*q + 36. Let n(m) = -m**3 - 4*m**2 + 3*m - 5. Let w be n(4). What is the remainder when w/(-5) - q/15 is divided by 9?
7
Suppose 0 = 5*a - 93 - 62. Suppose 4*w - 61 - a = 0. Calculate the remainder when 43 is divided by w.
20
Let a be 11 + -27 - (0 - -1)*-1. Calculate the remainder when (-1067)/a - 34/255 is divided by 15.
11
Let y = 152 + -76. Calculate the remainder when 147 is divided by y.
71
Let h(x) = 2*x**2 - 13*x + 9. Let p be h(8). Suppose l = 5*r - 6, -p = -5*l - 5*r - 3. Calculate the remainder when 19 is divided by l.
3
Let i = 382 + -364. Let p(v) be the second derivative of -8*v**3/3 - 7*v**2/2 + 2*v. What is the remainder when p(-6) is divided by i?
17
Suppose 2*x = -4*u + 10, -2*u - 4*x + 4 - 2 = 0. Calculate the remainder when 8 is divided by u.
2
Let a(n) = -n**3 + 7*n**2 + 12*n - 6. Let j = -55 + 34. Calculate the remainder when a(8) is divided by (-12)/(-9)*j/(-2).
12
Suppose 76 = 4*m + 16. What is the remainder when 237 is divided by m?
12
Let q be 1026/21 - 4/(-28). Suppose -4*d + 11*d - q = 0. Calculate the remainder when 22 is divided by d.
1
Let y = 5 + -14. Suppose 5*b + 6*z + 3 - 61 = 0, -4*z - 36 = -2*b. What is the remainder when (y/2)/(2/(-24)) is divided by b?
12
Let s(c) = 52*c**2 + 14*c - 21. Calculate the remainder when s(2) is divided by 12.
11
What is the remainder when 93*16/12*20/16 is divided by (1/(-1))/((-3)/96)?
27
Suppose 86 = 11*g - 123. What is the remainder when 111 is divided by g?
16
Let y(n) be the second derivative of -n**4/12 + 7*n**3/6 + n**2 + n. Let h(b) = -5*b - 1. What is the remainder when h(-3) is divided by y(6)?
6
Let d = -70 - -75. Suppose 226 + 169 = d*o. Calculate the remainder when o is divided by 22.
13
Let c = -108 + 173. What is the remainder when 191 is divided by c?
61
Let s(w) = -13*w - 151. Calculate the remainder when 73 is divided by s(-14).
11
Let x(c) = -4*c + 117. Calculate the remainder when x(-10) is divided by 18.
13
Suppose -13*u = 18*u - 2728. Calculate the remainder when u is divided by 8 + 2 + 0/2.
8
Let n = -595 - -942. Calculate the remainder when n is divided by 58.
57
Suppose -4*n = -3*c - 3*n + 10, -5*c - 2*n + 13 = 0. Suppose -4*i + c*i = -34. What is the remainder when i is divided by 32/(-6)*(-18)/8?
10
Suppose 0*m + 6 = 2*m. Suppose 0*r + m*r + 63 = 0. Let c = -6 - r. What is the remainder when c is divided by 4?
3
Let a(h) = 3*h**2 - 19*h + 12. Suppose -2*p + 2 = -10. What is the remainder when (-457)/(-6) + (-1)/p is divided by a(7)?
24
Let y(c) = -c**3 - 2*c**2 + c + 6. Let k be (-3 + -4 + 8)/((-2)/6). What is the remainder when 45 is divided by y(k)?
9
Let j(w) = -w**3 - 4*w**2 - 5*w - 27. Let x be j(-6). Suppose 0 = 111*i - 116*i + x. What is the remainder when 130 is divided by i?
10
Let a = 65 + -29. Let k = 140 + -143. Calculate the remainder when a is divided by -10 + 7 + (k + 14)*1.
4
Let q(p) = p**2 + 7*p + 2. Calculate the remainder when 7 is divided by q(0).
1
Let s = 14 + 32. Suppose -51*c = -110 - 502. Calculate the remainder when s + (2 - 2)/2 is divided by c.
10
Let v be ((-4)/18 - 56/315)*-100. Let m = v + -12. What is the remainder when m is divided by 6?
4
Let l(u) = -7*u - 2. Let w be l(-1). Suppose -3*p + 2*z + 56 - 11 = 0, 2 = p - w*z. What is the remainder when p is divided by 10?
7
Suppose 3*o + 2*v - 13 = 0, 7*v = 5*v - 2. Let d = 5 + -2. Suppose -15 = -3*m - d. Calculate the remainder when o is divided by m.
1
Let j(r) = 5*r**2 - 4*r - 22. What is the remainder when j(7) is divided by 50?
45
Let b = 640 + -568. What is the remainder when b is divided by 38?
34
Suppose 2*v = 5*n - 1923, -2*n = 41*v - 40*v - 762. What is the remainder when n is divided by 12?
11
Let v(z) = -15*z + 201. Calculate the remainder when v(7) is divided by 26.
18
Suppose 3*d - d = 4. Suppose -d*z - 32 = 2*z. Calculate the remainder when 45 + z/(4/(-1)) is divided by 12.
11
Suppose 4*x = 5*u + 89, 0*x + x - 5*u - 26 = 0. Suppose 4*b = 8*b - 944. Suppose -3*f - b = -7*f. Calculate the remainder when f is divided by x.
17
Suppose 0 = 4*k + 5*j - 238, 220 = 5*k - k - 4*j. Let h(l) = 3*l - 49. Let w be h(3). Let n = k + w. What is the remainder when 65 is divided by n?
14
Let g(m) = 3*m**2 + m. Calculate the remainder when (-7 + -7)/(13/(-26)) is divided by g(-2).
8
Let x = -67 - -351. Calculate the remainder when x is divided by 7.
4
Let m(a) = 5*a**3 - 5*a**2 + 6*a - 9. Calculate the remainder when 74 is divided by m(2).
5
Let m = 22 - 17. Suppose 0 = 5*h - m. What is the remainder when 1 is divided by 3/h*4/12?
0
Suppose 1729*j = 1727*j + 214. What is the remainder when j is divided by 23?
15
Suppose -j = 5*v - 76, -2*v = j + 4*j - 449. Suppose 0*g + 3*n = -5*g - 57, 3*n = 4*g + 51. Let i = g - -35. Calculate the remainder when j is divided by i.
22
Let x = 68 + -31. Suppose 41 = 6*r - x. Suppose -301 + 97 = -4*l. What is the remainder when l is divided by r?
12
Let h(p) = p**2 + 20*p - 12. Let l be h(-20). Let y = 28 + l. Suppose 0 = -5*f + 3*f + 62. Calculate the remainder when f is divided by y.
15
Suppose -z + 5*b = -11, 9*b + 23 = 3*z + 4*b. Calculate the remainder when 12 is divided by (40/24)/(1/z).
2
Suppose -2*t - o - 1 = 0, 0 = -t - 3*o - 3. Suppose t = -y + 4*y. Suppose 3*s - 6 = -y. Calculate the remainder when 4 is divided by s.
0
Let y(p) = -p + 10. Let u = -23 - -38. Suppose u = -2*s - 3*s. Calculate the remainder when 36 is divided by y(s).
10
Let j(i) = -i**2 - 14*i - 2. Suppose -5*k - 75 = -h - 2*h, 3*h = 3*k + 51. What is the remainder when j(k) is divided by 6?
4
Suppose n - 281 = -278. Calculate the remainder when 83 is divided by n.
2
Suppose 5*n - 52 = -3*z, 4*n = 5*z - 80 - 19. Calculate the remainder when z is divided by 6.
1
What is the remainder when 3 - ((12/(-3) - 232) + 4) is divided by 8?
3
Let u = 32 - -11. Let p(t) = -3*t**2 + 11*t + 18. Let n(x) = -x**2 + 4*x + 6. Let k(l) = 17*n(l) - 6*p(l). Calculate the remainder when u is divided by k(3).
7
Suppose -2*u + 8 = 0, -11*b = -9*b - u - 62. What is the remainder when 50 is divided by b?
17
Suppose -2*s + 36 = h, 3*h - 71 = -3*s + 28. Let d = h + -20. Suppose -d - 16 = -a. What is the remainder when 50 is divided by a?
24
Let s(z) = z**3 + 7*z**2 + 5*z. Calculate the remainder when (1/(-3))/(2/(-1